 0. Let j be 9/(-12) + v/4. Is j*(-3 + 1)/(-2) prime?
True
Is (-311192)/84*(-6)/4 prime?
True
Suppose 3*c = 5*w - 10007, 2251 - 6257 = -2*w - 2*c. Is 1 + w/4 + 43/(-86) a prime number?
False
Let m = 513 + 231. Suppose -2*q + 313 = -s, -5*q + 43 + m = -s. Is q a prime number?
False
Let o be (-2)/((-2)/6*2/7). Let n(h) = 24*h - 2. Is n(o) a prime number?
False
Let a be ((-216)/15)/((-2)/100). Suppose 3*s + 830 - 2970 = -4*v, s + 3*v = a. Let l = s + -485. Is l a prime number?
True
Let q = -10717 - -30738. Is q composite?
False
Let z(h) = 2*h**2 + 4*h - 9. Let x = -16 - -19. Let w(l) = l**2 + 1. Let t(i) = x*w(i) - z(i). Is t(9) a composite number?
True
Let w = 192 + -292. Let t = 1963 + -1162. Let a = t + w. Is a a composite number?
False
Let u be 12/(-5)*(3/6 + -3). Suppose -u*h + 7*h - 967 = 0. Is h composite?
False
Let b(v) = -2*v - 11. Let q be b(-7). Suppose 2152 = -q*l - l. Let o = -157 - l. Is o prime?
False
Let n = 239798 - 120715. Is n a prime number?
True
Let n(d) = 325*d**3 + 2*d**2 + d - 1. Is n(2) a composite number?
False
Let j(i) = 602*i**2 + 19*i + 53. Is j(-3) composite?
True
Suppose 3*j = 2*r - 0*j - 18, -14 = -r + 4*j. Suppose 16748 + 10210 = r*a. Is a a composite number?
False
Let m(s) = 5*s - 11. Let f(w) be the first derivative of 5*w**2/2 - 11*w + 7. Let r(c) = 3*f(c) - 2*m(c). Is r(5) a prime number?
False
Let p = 141305 - 74792. Is p a prime number?
False
Let k = -142 - 39. Let u = 988 + k. Is (u/6)/((-3)/(-6)) a prime number?
True
Suppose 3*o - 2*c - 37589 = 0, 47*o - 5*c - 62655 = 42*o. Is o a composite number?
False
Let g = -3731 - -5699. Is (1 + -2 + 3)*g/32 prime?
False
Let q(i) = 290*i**3 + 1. Suppose 0*x = -3*x - 3, 0 = 5*o + 5*x. Is q(o) a prime number?
False
Let v = 116 - 221. Let t = v - -192. Is t composite?
True
Let t(u) = 112*u**2 - 20*u - 9. Let r = 172 - 178. Is t(r) a prime number?
False
Suppose -3*p + 4 = -11. Let u be (-6)/15 - 28/p. Is 20/(-6)*423/u a prime number?
False
Suppose 795 = -4*t + 4195. Let x = -1270 + t. Let c = -97 - x. Is c a prime number?
False
Let m(d) = -11*d**3 - 14*d**2 + 7 - 24 + 2*d**3 + 10*d + 8*d**3. Let w(t) = -3*t + 3. Let k be w(6). Is m(k) composite?
True
Let m(k) = -13*k - 7. Let d(x) = 13*x + 6. Let y(z) = -4*d(z) - 3*m(z). Let s = -50 + 40. Is y(s) a prime number?
True
Let d = -1055 + 6904. Is d prime?
True
Let g be (-29 + 1)*3/(-6). Suppose 0 = -18*f + g*f + 8. Suppose 4*d + f*m = -0*m + 1520, 3*d - 1127 = 5*m. Is d a composite number?
False
Let r = -27 + 31. Suppose 253 - 105 = r*z. Is z prime?
True
Let k(i) = 8*i - 20. Let a(h) = 2*h - 5. Let b(t) = 9*a(t) - 2*k(t). Let r be b(4). Suppose -r*z + 125 = -4. Is z a prime number?
True
Let n be (2 + 4 + -3)*-1. Let d be (-333)/27 + (-4)/n. Is 6792/88 + 2/d prime?
False
Let j = 0 - -12. Let s(r) = r**3 + 4*r**2 + 17*r - 18. Let h be s(j). Suppose -4*x + 2*v = v - h, 3*x + v = 1871. Is x prime?
False
Let z = -29 - -35. Suppose 0 = z*a - 4*a. Suppose 18 = -i - 5*d + 958, a = i - 2*d - 961. Is i prime?
False
Is 5/(-5)*(-5)/((-25)/(-19945)) a prime number?
True
Let c(t) = t**3 + 39*t**2 - 5*t - 60. Is c(-37) prime?
False
Suppose -g = -0*g - 4*l - 8, 4*g - 2*l - 60 = 0. Let o(v) = 2*v**2 - 11*v - 17. Is o(g) prime?
False
Let o be (-2 - -1) + 2/2. Suppose 4*v - 18452 = -5*t, -18452 = -4*v - o*v + 3*t. Is v a composite number?
True
Let v(y) = 4*y - 67. Let g(u) = 9*u - 134. Let m(n) = -3*g(n) + 7*v(n). Let c be m(0). Let h = 276 + c. Is h composite?
True
Let m(b) be the second derivative of -b**5/20 - 2*b**4/3 - 13*b**3/6 - 7*b**2/2 - 31*b. Is m(-9) a prime number?
True
Suppose -5*r - 1183 = 3*l, 0 = -4*l - r - 1830 + 281. Let t = l + 544. Suppose -t = n - 3*n. Is n prime?
True
Let z(k) be the second derivative of 3*k**5/20 + k**4/12 + k**3/2 - k**2 + 5*k. Let i be z(5). Let f = 750 - i. Is f a prime number?
True
Let k = -9847 - -21524. Is k a prime number?
True
Let y(z) = 5*z**3 + z**2 - 3*z + 2. Let j be y(1). Suppose 0*k - 155 = -j*k. Is k a composite number?
False
Suppose 0 = 3*r + 887 + 1465. Is 2 + 2 - (r + -3) a composite number?
True
Let o = -10 + 9. Let a(d) = -210*d**3 - 2*d**2 + 1. Let v be a(o). Suppose g + 2*z - v = 46, 0 = -2*z + 4. Is g a composite number?
False
Let c(t) = -61*t - 2*t**2 - 12 + 6*t**2 - t**2 + 23*t. Is c(-11) a prime number?
True
Suppose 2858 = 7*w - 16189. Is w composite?
True
Let n = -8682 + 12871. Is n prime?
False
Let d = -3858 - -9438. Suppose -3*w - 51 = -d. Is w composite?
True
Let j(q) = 23*q - 11 + 35*q - 22*q. Is j(4) a composite number?
True
Is ((-5)/(-2))/((-235)/(-940658)) a composite number?
False
Let t(k) be the second derivative of k**4/12 + 4*k**3/3 + 6*k**2 - 18*k. Is t(11) a prime number?
False
Suppose -2*x + 348 = 104. Suppose 4*t = 4*c, 5*c + 0*t + 3*t = 8. Is x + -9 - (c + -1) a prime number?
True
Is 82828/28*(-5 - -12) a composite number?
False
Let s(g) = 33*g + 1. Suppose -3*h = -1 - 53. Let i = 22 - h. Is s(i) a prime number?
False
Let b(d) = -4 + 4*d**2 + 3*d - 20*d + 4*d + d**3 + 7*d. Is b(5) prime?
True
Suppose -5*k + 3*q + 0*q + 10957 = 0, 2*q + 8764 = 4*k. Is k a composite number?
True
Is (-7)/4 + 2 + (-58593)/(-12) composite?
True
Let s(a) be the third derivative of -5*a**4/8 - 19*a**3/6 - 13*a**2. Is s(-11) composite?
True
Let r(l) = l**3 - 5*l**2 + 9*l + 8. Let d be r(7). Let w be (-2)/(-4)*0 + d. Suppose 5 = 2*b - w. Is b composite?
True
Let i(z) = -7 - 3 + 6 - 69*z. Is i(-3) a prime number?
False
Let m(f) = 12*f - 68. Let d be m(6). Suppose -13*u + 17055 = -d*u. Is u a prime number?
False
Let h be -1 + -1 + (-6)/15*-10. Suppose 4*n + 20 = 0, 4 + 347 = h*g - 5*n. Is g a composite number?
False
Let u = -16608 - -45307. Is u prime?
False
Let p(s) = -5*s + 7. Let z be p(1). Suppose 140 + 294 = z*q. Is q a prime number?
False
Let z(k) = 473*k**2 + k**3 - 477*k**2 + 10*k**3 - 6 + 7*k - 7. Is z(9) composite?
True
Suppose 3*y - 20 = -4*w, 6 = -0*w - 5*w + 4*y. Suppose -3*x - w*x + 3545 = 0. Is x a prime number?
True
Suppose 23*y - 354592 - 1965119 = 0. Is y prime?
False
Let u = -126 - -65. Let b = u - -212. Suppose -t - 4*k + b = 0, -433 = -t - 2*t - 2*k. Is t a prime number?
False
Let f = 21 + -16. Suppose 3*j - 23 = -f*s, 2*s = 6 - 4. Suppose -4*z = -7*z + j, 4*z - 643 = -5*l. Is l prime?
True
Suppose 6*r = -10*r + 292304. Is r a composite number?
False
Suppose 6*u = 3*u. Suppose -v = -u*v - 4. Suppose -v*o + 165 = k, k + 88 = -o + 268. Is k a prime number?
False
Let s(h) = 100501*h + 4. Is s(1) prime?
False
Let t(a) = 178*a - 3. Let q = 50 - 74. Let r = -19 - q. Is t(r) composite?
False
Suppose 0 = 4*l + 2*s - 30 - 44, -l + 29 = -3*s. Let k be 1/3*6 + l. Is 6699/k*(-2)/(-3) a prime number?
False
Suppose 212*g = 236*g - 230088. Is g a prime number?
True
Let s(j) = -35*j - 58. Is s(-9) a prime number?
True
Let d(x) = 5*x**2 - 78*x - 8. Is d(33) composite?
True
Let j = -6582 + 31021. Is j composite?
False
Let m be -1 + (6/3 - -2). Suppose -4*p + 2225 = p. Suppose m*n - p = -2*n. Is n composite?
False
Suppose -5*d + 12 = -d. Suppose -4*m = -d*g - 2527, 3*g = -2*g - 5. Is m prime?
True
Suppose -2*j + 7*j = 5*v + 15, -2 = -2*j - 2*v. Suppose 4*l = -j*f + 11 + 3, 0 = 5*l - 2*f - 13. Suppose -u - 238 = -l*u. Is u a composite number?
True
Let z = 33 + -33. Suppose -4*l - 2187 = -p, 3*p - 5*l - 6547 = -z*l. Is p a composite number?
False
Let s = 8843 - -2340. Is s prime?
False
Let r(h) = -386*h + 265. Is r(-14) prime?
True
Is (1/3)/((-4)/64788)*-1 prime?
True
Let m = 585 + 658. Suppose -9011 = -6*t + m. Is t composite?
False
Suppose 0 = 23*b + 91027 - 243632. Is b composite?
True
Let d = 41 - 32. Suppose -w - 5*p = -724 + d, 4*w + p = 2784. Is w a prime number?
False
Suppose 649 = 6*u - 131. Let l = -5 - -1. Let c = u - l. Is c composite?
True
Suppose -5*p - 8 = -7*p. Suppose p*i - 1700 = 356. Suppose 0 = q - 2*l - 127, 4*q - 5*l - i = -0*q. Is q a composite number?
False
Is -117 + 112 + (-144912)/(6/(-2)) composite?
False
Let g(f) = f**3 - 4*f**2 + 2. Let k be g(4). Let n be (-5)/k*10 - -1. Is (-16)/n + (-7166)/(-6) composite?
True
Let v(a) = 8*a**2 + 13*a + 8. Let g be v(10). Suppose 5*b - 1205 = 3*j - 31, 2*j = 4*b - g. Is b a composite number?
False
Let a = 30 + -37. Is a/(1/((2763/(-3))/3)) composite?
True
Suppose 0*o + 5*n = 5*o - 1325, 4*o + n = 1050. Is o composite?
Fa